{"id":270,"date":"2025-07-23T16:42:08","date_gmt":"2025-07-23T14:42:08","guid":{"rendered":"https:\/\/www.scierie-ehrstein.com\/?page_id=270"},"modified":"2025-07-30T11:01:40","modified_gmt":"2025-07-30T09:01:40","slug":"charpente","status":"publish","type":"page","link":"https:\/\/www.scierie-ehrstein.com\/index.php\/charpente\/","title":{"rendered":"Charpente"},"content":{"rendered":"\n<h3 class=\"wp-block-heading\"><strong>Charpente toutes sections, toutes essences jusqu\u2019\u00e0 13 m : le c\u0153ur de notre savoir-faire<\/strong><\/h3>\n\n\n\n<p>Depuis toujours, la <strong>charpente bois<\/strong> constitue le pilier de l\u2019activit\u00e9 de la Scierie EHRSTEIN. Nous produisons des pi\u00e8ces de <strong>charpente sur mesure<\/strong>, dans <strong>toutes les sections<\/strong>, <strong><a href=\"https:\/\/www.scierie-ehrstein.com\/index.php\/nos-produits\/\" data-type=\"page\" data-id=\"156\">toutes les essences<\/a><\/strong>, et jusqu\u2019\u00e0 <strong>13 m\u00e8tres de longueur<\/strong>, r\u00e9pondant ainsi aux besoins les plus exigeants des professionnels du b\u00e2timent et de la construction bois.<\/p>\n\n\n\n<p>Gr\u00e2ce \u00e0 notre expertise et \u00e0 un parc machine performant, nous sommes en mesure de proposer des bois de <strong>structure robustes, durables et parfaitement adapt\u00e9s<\/strong> aux projets de construction traditionnels comme contemporains. Qu\u2019il s\u2019agisse de <strong>ch\u00eane<\/strong>, de <strong>sapin<\/strong>, de <strong>douglas<\/strong> ou d&rsquo;autres essences locales, chaque pi\u00e8ce est s\u00e9lectionn\u00e9e avec soin pour garantir <strong>qualit\u00e9, fiabilit\u00e9 et tenue dans le temps<\/strong>.<\/p>\n\n\n\n<p>Notre capacit\u00e9 \u00e0 scier de grandes longueurs nous permet de r\u00e9pondre \u00e0 des projets ambitieux : maisons \u00e0 ossature bois, b\u00e2timents agricoles, extensions, r\u00e9novations patrimoniales ou constructions sur mesure.<\/p>\n\n\n\n<p>Produite dans une logique de <strong>valorisation compl\u00e8te de la mati\u00e8re premi\u00e8re<\/strong>, notre charpente s\u2019inscrit dans une d\u00e9marche <strong>locale, responsable et durable<\/strong>, en lien direct avec les for\u00eats de notre r\u00e9gion.<\/p>\n\n\n\n<div class=\"wp-block-media-text has-media-on-the-right is-stacked-on-mobile\"><div class=\"wp-block-media-text__content\">\n<p><strong>R\u00e9alisation d&rsquo;une charpente alsacienne<\/strong><\/p>\n\n\n\n<p>Charpente d&rsquo;une maison alsacienne reconstruite en sapin.<\/p>\n<\/div><figure class=\"wp-block-media-text__media\"><img fetchpriority=\"high\" decoding=\"async\" width=\"1200\" height=\"800\" src=\"https:\/\/www.scierie-ehrstein.com\/wp-content\/uploads\/2025\/07\/IMG-20230602-WA0027-edited.jpg\" alt=\"\" class=\"wp-image-363 size-full\" srcset=\"https:\/\/www.scierie-ehrstein.com\/wp-content\/uploads\/2025\/07\/IMG-20230602-WA0027-edited.jpg 1200w, https:\/\/www.scierie-ehrstein.com\/wp-content\/uploads\/2025\/07\/IMG-20230602-WA0027-edited-300x200.jpg 300w, https:\/\/www.scierie-ehrstein.com\/wp-content\/uploads\/2025\/07\/IMG-20230602-WA0027-edited-1024x683.jpg 1024w, https:\/\/www.scierie-ehrstein.com\/wp-content\/uploads\/2025\/07\/IMG-20230602-WA0027-edited-768x512.jpg 768w\" sizes=\"(max-width: 1200px) 100vw, 1200px\" \/><\/figure><\/div>\n\n\n\n<div class=\"wp-block-media-text is-stacked-on-mobile\"><figure class=\"wp-block-media-text__media\"><img decoding=\"async\" width=\"1024\" height=\"601\" src=\"https:\/\/www.scierie-ehrstein.com\/wp-content\/uploads\/2025\/07\/Mommenheim-2-1024x601.jpeg\" alt=\"\" class=\"wp-image-361 size-full\" srcset=\"https:\/\/www.scierie-ehrstein.com\/wp-content\/uploads\/2025\/07\/Mommenheim-2-1024x601.jpeg 1024w, https:\/\/www.scierie-ehrstein.com\/wp-content\/uploads\/2025\/07\/Mommenheim-2-300x176.jpeg 300w, https:\/\/www.scierie-ehrstein.com\/wp-content\/uploads\/2025\/07\/Mommenheim-2-768x451.jpeg 768w, https:\/\/www.scierie-ehrstein.com\/wp-content\/uploads\/2025\/07\/Mommenheim-2-1536x901.jpeg 1536w, https:\/\/www.scierie-ehrstein.com\/wp-content\/uploads\/2025\/07\/Mommenheim-2.jpeg 1600w\" sizes=\"(max-width: 1024px) 100vw, 1024px\" \/><\/figure><div class=\"wp-block-media-text__content\">\n<p><strong>R\u00e9novation int\u00e9rieure de maison traditionnelle<\/strong> <\/p>\n\n\n\n<p>R\u00e9novation \u00e0 l&rsquo;identique d&rsquo;une maison alsacienne par un de nos clients, en alliant ch\u00eane et sapin dans le respect de la tradition.<\/p>\n<\/div><\/div>\n","protected":false},"excerpt":{"rendered":"<p>Charpente toutes sections, toutes essences jusqu\u2019\u00e0 13 m : le c\u0153ur de notre savoir-faire Depuis toujours, la charpente bois constitue le pilier de l\u2019activit\u00e9 de la Scierie EHRSTEIN. Nous produisons des pi\u00e8ces de charpente sur mesure, dans toutes les sections, toutes les essences, et jusqu\u2019\u00e0 13 m\u00e8tres de longueur, r\u00e9pondant ainsi aux besoins les plus [&hellip;]<\/p>\n","protected":false},"author":1,"featured_media":0,"parent":0,"menu_order":0,"comment_status":"closed","ping_status":"closed","template":"","meta":{"site-sidebar-layout":"default","site-content-layout":"","ast-site-content-layout":"default","site-content-style":"default","site-sidebar-style":"default","ast-global-header-display":"","ast-banner-title-visibility":"","ast-main-header-display":"","ast-hfb-above-header-display":"","ast-hfb-below-header-display":"","ast-hfb-mobile-header-display":"","site-post-title":"","ast-breadcrumbs-content":"","ast-featured-img":"","footer-sml-layout":"","ast-disable-related-posts":"","theme-transparent-header-meta":"","adv-header-id-meta":"","stick-header-meta":"","header-above-stick-meta":"","header-main-stick-meta":"","header-below-stick-meta":"","astra-migrate-meta-layouts":"set","ast-page-background-enabled":"default","ast-page-background-meta":{"desktop":{"background-color":"var(--ast-global-color-4)","background-image":"","background-repeat":"repeat","background-position":"center center","background-size":"auto","background-attachment":"scroll","background-type":"","background-media":"","overlay-type":"","overlay-color":"","overlay-opacity":"","overlay-gradient":""},"tablet":{"background-color":"","background-image":"","background-repeat":"repeat","background-position":"center center","background-size":"auto","background-attachment":"scroll","background-type":"","background-media":"","overlay-type":"","overlay-color":"","overlay-opacity":"","overlay-gradient":""},"mobile":{"background-color":"","background-image":"","background-repeat":"repeat","background-position":"center center","background-size":"auto","background-attachment":"scroll","background-type":"","background-media":"","overlay-type":"","overlay-color":"","overlay-opacity":"","overlay-gradient":""}},"ast-content-background-meta":{"desktop":{"background-color":"var(--ast-global-color-5)","background-image":"","background-repeat":"repeat","background-position":"center center","background-size":"auto","background-attachment":"scroll","background-type":"","background-media":"","overlay-type":"","overlay-color":"","overlay-opacity":"","overlay-gradient":""},"tablet":{"background-color":"var(--ast-global-color-5)","background-image":"","background-repeat":"repeat","background-position":"center center","background-size":"auto","background-attachment":"scroll","background-type":"","background-media":"","overlay-type":"","overlay-color":"","overlay-opacity":"","overlay-gradient":""},"mobile":{"background-color":"var(--ast-global-color-5)","background-image":"","background-repeat":"repeat","background-position":"center center","background-size":"auto","background-attachment":"scroll","background-type":"","background-media":"","overlay-type":"","overlay-color":"","overlay-opacity":"","overlay-gradient":""}},"footnotes":""},"class_list":["post-270","page","type-page","status-publish","hentry"],"_links":{"self":[{"href":"https:\/\/www.scierie-ehrstein.com\/index.php\/wp-json\/wp\/v2\/pages\/270","targetHints":{"allow":["GET"]}}],"collection":[{"href":"https:\/\/www.scierie-ehrstein.com\/index.php\/wp-json\/wp\/v2\/pages"}],"about":[{"href":"https:\/\/www.scierie-ehrstein.com\/index.php\/wp-json\/wp\/v2\/types\/page"}],"author":[{"embeddable":true,"href":"https:\/\/www.scierie-ehrstein.com\/index.php\/wp-json\/wp\/v2\/users\/1"}],"replies":[{"embeddable":true,"href":"https:\/\/www.scierie-ehrstein.com\/index.php\/wp-json\/wp\/v2\/comments?post=270"}],"version-history":[{"count":3,"href":"https:\/\/www.scierie-ehrstein.com\/index.php\/wp-json\/wp\/v2\/pages\/270\/revisions"}],"predecessor-version":[{"id":364,"href":"https:\/\/www.scierie-ehrstein.com\/index.php\/wp-json\/wp\/v2\/pages\/270\/revisions\/364"}],"wp:attachment":[{"href":"https:\/\/www.scierie-ehrstein.com\/index.php\/wp-json\/wp\/v2\/media?parent=270"}],"curies":[{"name":"wp","href":"https:\/\/api.w.org\/{rel}","templated":true}]}}